the prime factors of s(-7)?
2, 29
Let a(p) = 4*p**3 - 12*p - 1. Let t be a(6). Suppose 0 = -5*f - 296 + t. What are the prime factors of f?
3, 11
What are the prime factors of 12/16 + (-167220)/(-80)?
3, 17, 41
Let l = -428 - -924. List the prime factors of l.
2, 31
Suppose -3383 = -21*o - 296. List the prime factors of o.
3, 7
Let g(j) = 40*j**2 - 2*j - 1. Let a be g(-1). Let b = a - 3. List the prime factors of b.
2, 19
Suppose -7*t = 26*t - 43230. List the prime factors of t.
2, 5, 131
Let r = -7747 + 12919. What are the prime factors of r?
2, 3, 431
Let u be 3 - 0*(-1)/(-5). Let x(k) = 87*k + 3. Let t be x(u). Suppose -4*l - 3*j + t = 0, 0 = -5*l + 5*j - 0*j + 330. List the prime factors of l.
2, 3, 11
Suppose -2030 = -2*d + 2*l, -l + 1184 - 167 = d. List the prime factors of d.
2, 127
Suppose -2*d + 1158 = -7*b + 10*b, -5*b + 1935 = 5*d. What are the prime factors of b?
2, 3
Suppose 0 = 3*a - 47 - 73. Suppose 4*n = -2*p - 10, -4*p - 7 - 1 = 5*n. Suppose -p*w + 11 = -a. What are the prime factors of w?
17
Suppose -5*x = -x - 12. Suppose -f - 3*n + 2 = 0, -5*f = x*n - 0 - 22. Suppose -2*u + 21 = f*q - 10, q + 25 = 2*u. What are the prime factors of u?
13
Suppose w = -3*w + 2*i + 14, 3*w - i - 10 = 0. List the prime factors of w/(27/(-12))*(-180)/8.
2, 3, 5
Let k be (-4)/(-10) - 116/(-10). Let l(u) = 7*u - 57. Let w be l(7). Let q = w + k. List the prime factors of q.
2
Let f(g) = g**2 - 4*g - 3. Let r(b) = -b**2 + b + 1. Let v(k) = 2*k**2 + 15*k - 12. Let a(d) = r(d) + v(d). Let l be a(-17). List the prime factors of f(l).
3
Let v(b) = b**2 + 2*b + 12. Let j be v(-8). Let g be (2/4)/(6/j). Suppose 3*u - 29 = -5*w, g*u + 5*w + 7 = 4*u. List the prime factors of u.
2, 3
Let b = -986 + 2175. List the prime factors of b.
29, 41
Let l = -8 - -1. List the prime factors of 16 + l/((-7)/(-3)).
13
Let y(w) = -w + 1. Let d be y(-3). Suppose -5*f = d*u - 117, 0 = -u + f + 25 + 2. List the prime factors of u.
2, 7
Let p be (7 - 1 - 7)/(2/4). Let n(f) = -2*f - 1 - 2*f + 0. What are the prime factors of n(p)?
7
List the prime factors of 1255 + (-3 - 0)/((-42)/(-28)).
7, 179
Suppose 108*l - 8082 = 99*l. What are the prime factors of l?
2, 449
Let g = 131 - 25. Suppose 4*t + 4*y - 82 = t, y = 5*t - g. Suppose t*q - 18*q = 208. List the prime factors of q.
2, 13
Let p(i) = i**3 - 13*i**2 + 10*i + 27. Let o be p(12). Suppose -o*a + 5*y + 391 = -0*a, -y = 5*a - 633. List the prime factors of a.
127
Let t be 193/4*-8*(-2)/1. Let l = t + -489. List the prime factors of l.
283
What are the prime factors of (30/5 - 9) + 424?
421
Let b = -940 + 1726. What are the prime factors of b?
2, 3, 131
Suppose z - 12*q = -7*q + 188, q + 172 = z. List the prime factors of z.
2, 3, 7
Let k(r) = r**3 - 4*r**2 - 5*r + 5. Let h be k(-3). Let z = h + 82. What are the prime factors of z?
3, 13
Suppose 37*p = -37*p + 126466. What are the prime factors of p?
1709
What are the prime factors of -11 - (6 + 795*-4)?
3163
Let d(l) = l - 13. Let p = 13 - 20. Let z be d(p). Let i = -9 - z. List the prime factors of i.
11
Let l be 1281/6*(-28)/(-49). Suppose -434 = -8*s - l. List the prime factors of s.
3, 13
Let h(s) = -5*s - 23. Let q = -82 - -76. What are the prime factors of h(q)?
7
Let n(i) = -2*i**3 - 3*i**2 - 9*i - 6. Let a be n(4). Let b = -126 - a. What are the prime factors of b?
2, 23
Suppose 0 = -0*s - 5*s + 4*b - 6, -2*s - 2*b = -12. Let j(f) = -17*f + 7. Let n(w) = 17*w - 8. Let d(h) = -6*j(h) - 5*n(h). List the prime factors of d(s).
2
Let j = -18 - -20. Let h be j/(-9) - 12/(-54). Suppose -b + 25 = -h*b. List the prime factors of b.
5
Suppose 2*o + 4 = 5*h, 0*h = -3*o + 4*h + 1. Let j be (-4)/((-4)/12*o). Suppose 2*x - 68 = -n - 2*x, j*n = x + 221. What are the prime factors of n?
2, 7
Suppose -4*r + r + 3140 = 4*m, 0 = 2*r - 8. Suppose m = 3*g + 2*k + 238, -4*k - 752 = -4*g. List the prime factors of g.
2, 23
Let j = -27 + 18. Let z = 9 + j. Suppose z = -6*v + 262 + 140. What are the prime factors of v?
67
Let h = -10 + -5. Let i(j) = -j - 3. List the prime factors of i(h).
2, 3
Suppose 27*x = 35*x - 9104. What are the prime factors of x?
2, 569
Let v be (3 - 27)*(-21)/6. Let a = v + -54. What are the prime factors of a?
2, 3, 5
Suppose 5*f = -2*b - 4 + 2, 0 = 4*f + 16. Let k(r) = -11 - 4*r - 10 + b. List the prime factors of k(-10).
2, 7
Let a(j) be the first derivative of j**5/60 + j**4/8 - j**3/6 - j**2/2 - 1. Let i(l) be the second derivative of a(l). List the prime factors of i(2).
3
Suppose 2*r + 45*l - 2122 = 43*l, -5*l + 25 = 0. List the prime factors of r.
2, 3, 11
What are the prime factors of 6/(-27) + (-32304)/(-54)?
2, 13, 23
Let k be (-3)/7 - (-1971)/(-7). Let u = k - -446. What are the prime factors of u?
2, 41
Suppose 3*a - 515 = 5*u - 63, -u = a - 164. What are the prime factors of a?
3, 53
Suppose -1 - 24 = -5*m. Let u be 1/2*7/(14/276). Suppose -u = -m*r + 56. List the prime factors of r.
5
Let j be 4 + 2 - (0 + 2). Suppose -j*z + 35 = 2*c + 203, 0 = -4*z + 3*c - 148. List the prime factors of (48/10)/((-3)/z).
2
Let t = 2985 + 710. List the prime factors of t.
5, 739
Let n = -54 + 339. Suppose -9 = 3*w, 4*w = -2*v - v + n. What are the prime factors of v?
3, 11
Let d(q) = -2*q**2 - 20*q. Let z(n) = -n**2 - 19*n + 1. Let m(h) = -3*d(h) + 4*z(h). List the prime factors of m(11).
2, 5, 7
Suppose 5*m - 107 - 3 = 0. What are the prime factors of m + 3 + (1 - 5)?
3, 7
Suppose 2*s - 11 + 5 = 0. Suppose 23 = 5*h + s. Suppose -3*p - x = -5*x - 90, 38 = p - h*x. What are the prime factors of p?
2, 13
Let z(a) = -3*a**3 + 10*a**2 + 4*a + 3. What are the prime factors of z(-7)?
2, 3, 83
Let x = -42 - -79. Let c = -17 + 4. Let n = x - c. What are the prime factors of n?
2, 5
Suppose y - 422 - 154 = 0. Suppose -22*r + 31*r - y = 0. List the prime factors of r.
2
Suppose 2*l = w + 3*w - 1586, 3*w + 2*l - 1186 = 0. Suppose -10*i = -4*i - w. List the prime factors of i.
2, 3, 11
Suppose -5*p + 2*a = -496, 78 = 3*p + a - 224. List the prime factors of p.
2, 5
Let x be (-6)/5*30/(-9). Let m = x - -1. Suppose 4*v + i = 164, 0*i = 2*v + m*i - 64. List the prime factors of v.
2, 3, 7
Suppose -5*r = -2*t + 89, r - 4 + 169 = 5*t. Let n = t - 29. Suppose 7*m - 64 = n*m. What are the prime factors of m?
2
List the prime factors of -294*(-2)/(-2)*(-660)/154.
2, 3, 5, 7
Suppose 5*s = -25, 0 = 2*t + t + 3*s. Suppose 0 = 2*m - 5*a - 59, -t*a - 10 = 15. List the prime factors of (3 + (0 - 2))*m.
17
Suppose 6*s + 6360 = 18*s. What are the prime factors of s?
2, 5, 53
Let i = -23 + 42. Let c = i + -16. What are the prime factors of c?
3
What are the prime factors of ((42/6)/14)/(4/14888)?
1861
Suppose -231*r + 909 = -228*r. What are the prime factors of r?
3, 101
Let x = -247 - -701. List the prime factors of x.
2, 227
Let c(v) = -33*v**2 - v - 10. Let u(q) be the second derivative of 11*q**4/12 + 3*q**2/2 + 7*q. Let o(n) = 2*c(n) + 7*u(n). List the prime factors of o(1).
2, 5
What are the prime factors of 101042/76 + (-10)/4?
1327
Suppose 303 = 5*l - 27. Let b = 117 - l. Suppose -b = -3*x + 6. List the prime factors of x.
19
Suppose 4 = -0*q - q, -4*q = 4*k + 4. Suppose 3 = -k*y, 0 = w - 4*y - 23. List the prime factors of w.
19
Suppose r + 6639 = 4*r. List the prime factors of r.
2213
Let y = 1473 - 738. What are the prime factors of y?
3, 5, 7
Let y(t) = -2*t - 8 - t + 17 + 6*t + 1. Suppose -5*k + 55 = -0. List the prime factors of y(k).
43
Suppose -4*r = 12, 4*b - 437 - 15822 = r. What are the prime factors of b?
2, 127
Let k(u) = -u - 4. Let t be k(4). Let h(i) be the first derivative of i**3/3 + 3*i**2 + 9*i + 46. List the prime factors of h(t).
5
Suppose 3769 = 3*f + 2*r, 0 = f - 2*r - 2*r - 1275. List the prime factors of f.
1259
Let a = 12 - 11. Let l = -9 + a. Let z = l + 13. What are the prime factors of z?
5
Let t = -1519 - -2923. What are the prime factors of t?
2, 3, 13
Let y(n) = n**2 + 4*n. Let d be y(-4). Suppose d = -5*q + 2*q + 54. List the prime factors of q.
2, 3
Suppose 0 = -2*j - 5*k + 668, 2*k + 11 - 19 = 0. What are the prime factors of j?
2, 3
Suppose -2*x - 264 = 2*o, -4*o = 7*x - 2*x + 656. Let w = x - -183. What are the prime factors of w?
5, 11
Let f = -3612 + 5491. What are the prime factors of f?
1879
Suppose -o + 212 + 105 = 0. What are the prime fa